 + 128 + 23 + 1).
-15
-6 - -5 - (5 + (3 - (6 + -4)))
-7
-4 - (13 + 5) - -10
-12
Calculate -36 + 24 + (-13 - 10) + 11.
-24
Calculate (-2 - (-10 + 8)) + 8.
8
What is the value of 16 + 36 + -27 + -18 + 1?
8
Evaluate (-9 - (-9 - 5)) + 2 + -11.
-4
Evaluate 9 - ((-6 - (-4 + 5) - -11) + -5).
10
What is the value of (4 - 3) + (11 - 4) + (0 - -9)?
17
20 - (3 - -14) - 13
-10
Calculate 16 + ((13 - 4) + -3 - (0 + 4)).
18
What is -12 - (-8 + (-7 + (9 - -3) - 2))?
-7
Evaluate (-22 - -34) + (-5 - 10).
-3
Calculate 5 + 0 - (-17 - (-3 - 7)).
12
What is 6 + -14 + 10 - 10 - -23?
15
Calculate -1 + -15 + -40 + 35.
-21
Calculate 12 + (-2 - ((6 - 8) + -2)) + -2.
12
Calculate -17 - (-27 + 17) - -30.
23
Calculate 35 + 36 + -62 - 8.
1
What is the value of -5 - (1 + -13 + 16)?
-9
7 + (3 - 0) - (-12 - (-16 + -11))
-5
Calculate 28 + -27 + 0 + -2 + 7 - 18.
-12
Calculate 16 + (-10 - (-16 - -4)).
18
What is 1 + 5 + -8 + -20 + 6 + -3?
-19
What is (-8 - 10) + 11 + 11?
4
What is -2 + (-2 - 1) + 12 + 14 + -20?
1
-45 + 48 - (1 + 3 - (-22 + 11))
-12
12 - (-10 - -13) - 12 - (-11 + 2)
6
What is the value of -2 + (-13 + 6 + 12 - (-3 - -7))?
-1
Calculate -2 - (28 + -18) - ((1 - 5) + -11).
3
What is (-1 - -4) + (-18 + 9 - -1)?
-5
-11 - (-33 + 50) - -34
6
Calculate -23 + 2 + -13 + 18 - -5.
-11
What is the value of (4 - 3 - -1) + -4 - (7 + -6)?
-3
Evaluate (41 - (63 + -22)) + (-1 - -11) + -45.
-35
Calculate (-3 - 0) + 3 - 9 - -19.
10
Evaluate 36 + -34 - (-6 + -1).
9
What is -10 - (-12 - 1 - -14)?
-11
Evaluate 6 + -10 + (5 - 1) + (-4 - -5).
1
Calculate -18 - (-3 + -13 + 6).
-8
What is 6 - (11 - 3) - (1 + 8)?
-11
Calculate (34 + -8 - 25) + (0 - (1 + 2)).
-2
Evaluate 25 + (14 + 0 - (76 + -50)).
13
-3 - (6 + (3 - -6 - 16))
-2
Evaluate -10 + 17 + -22 + 50 + -4.
31
What is the value of 2 + -13 - (49 - (-20 - -85))?
5
Evaluate (47 + -19 - (-12 + 5)) + (-19 - -8).
24
13 + (11 - 4 - -3) + -14
9
What is the value of 21 + 3 + -11 + 0 + (-1 - -4)?
16
What is 23 + -2 - (3 - -14)?
4
Calculate -13 + 21 + -10 + -5.
-7
Calculate -1 - (-4 - (31 + -12)).
22
What is (-10 - -6) + 5 + (9 - 1) + -20?
-11
Calculate (-5 + 8 - -2) + -2 + -6 + -16.
-19
What is 304 - 300 - (-3 + -29)?
36
Calculate 67 + -52 + (-5 - -6 - 36).
-20
-329 + 340 + -7 + -39
-35
-9 - (7 + (-10 - -3) - (2 + 0))
-7
What is the value of -182 - -197 - (31 - 1)?
-15
Calculate (31 - (2 + -28)) + -41.
16
Calculate 194 + -186 - (1 - 5).
12
16 - (-19 - (-22 + 0) - -40)
-27
Evaluate (2 - 8) + (-67 - -67 - (9 + -1)).
-14
What is 1 + -22 + (15 - (-3 - -7 - -5))?
-15
Evaluate -12 + (-9 - -23) + -7 - 5.
-10
What is the value of (-3 - 6) + -88 + 111?
14
2 + -8 + (0 - (-16 + 7))
3
What is the value of (5 - 0) + 25 + (-15 - -4 - -4)?
23
What is -3 - (32 + -19 - 3)?
-13
Calculate -9 - -2 - (16 + -12 + -17).
6
Calculate (1 + 1 - (38 - 30)) + -6 + 18.
6
What is the value of 0 - ((4 - 1) + 98 + -98)?
-3
Calculate (-9 - 9) + 6 - (-11 - -4).
-5
-2 + -11 + 2 + 1 + -2 + 3
-9
What is the value of (-1066 - -1035) + -3 + 0?
-34
What is the value of (18 - (1 - -7)) + -4 - (-3 - 1)?
10
Evaluate -4 - (2 + -12 + 7) - (-5 - 2).
6
What is the value of -9 - (-6 + (-36 - -14))?
19
What is 13 - (4 + 28) - -29?
10
Evaluate -152 + 155 + (-5 - (4 - 2)).
-4
What is the value of -2 - 14 - (27 - 45)?
2
13 - (-54 + (39 - 1))
29
Calculate (-8 - 3) + -56 + 65.
-2
Evaluate -19 - (5 + (7 - (18 - (6 + -4)))).
-15
Calculate 7 + ((-15 - -9) + 2 - -8) + -7.
4
Calculate (1 + -4 - (-16 + 18 + -4)) + 7.
6
What is the value of -6 - (-14 + (-4 - -13)) - 8?
-9
Evaluate 35 + -38 - (-14 - (-6 - -2)).
7
-5 + (8 - (4 + -4 + 3)) - -18
18
What is the value of 29 + (3 - (5 + (-3 - -9))) + -9?
12
What is (15 + 13 - 18) + -9?
1
Calculate 24 + -14 + 7 + 4 + -12.
9
(-1219 - -1270) + (-2 - 32)
17
1 + (0 - (-14 - -17 - (-2 + -4)))
-8
What is 4 + 12 + (22 - 24)?
14
0 - ((-7 - -3) + 1 + -7)
10
What is (0 + -1 + 2 - (-9 - -14)) + 22?
18
What is the value of -13 + (17 - 7 - -1)?
-2
Calculate (4 - 4) + 35 - (-26 + 36).
25
-25 + 1 + -1312 + 1325
-11
(44 - 46 - (-4 + 3)) + 9
8
What is the value of 0 + (14 - 6) + (3 - (3 + 7))?
1
60 + -45 - (-3 + 5)
13
What is -4 - (12 - (7 + -7) - 9) - -6?
-1
What is 2 + -7 + (42 + -17 - 30)?
-10
What is the value of -5 + -8 + 8 + (9 - 2)?
2
Calculate (-8 - -22 - 22) + 5.
-3
-2 + 2 + -32 + 9 + 6 - 0
-17
What is the value of (1 - (-4 - (2 + -8))) + 7 + -10?
-4
What is the value of -15 - (6 - 10 - -7 - 2 - 3)?
-13
(3 - -5) + (-1 - -6 - 27)
-14
Calculate -16 + (3 - 13) + 25 + -10.
-11
-3 - -6 - ((50 - 14) + -20)
-13
Calculate 10 - ((3 - -24) + -12 + 0).
-5
Calculate 16 + 0 - (0 - (-2 + -1)) - 0.
13
-31 - (-29 - -23 - 7)
-18
4 + (-19 - -8) - -9
2
Evaluate -4 - (11 + (-5 - 2)) - -11.
3
What is the value of 9 + -2 + (-8 + 4 - -3)?
6
What is 8 + 3 + 1 - (-44 + 60)?
-4
What is 9 + -12 - ((-11 + -3 - -3) + 0)?
8
What is the value of (6 - 0 - 6 - (-14 + -1)) + -8?
7
Evaluate 1 + (1 - 10) - (-6 + 15).
-17
What is the value of -391 + 389 + (0 - 0)?
-2
-4 - -1 - (24 - 23)
-4
What is the value of 15 + 1 - (-184 + 206)?
-6
25 + (72 + -81 - (-1 + -3))
20
Calculate -35 + 43 + 30 + -6 + -1.
31
Calculate 19 + 30 + (-27 - -1).
23
What is 5 + (-7 - -2) - (-17 + 14)?
3
Calculate -3 - (-21 - 8 - -14).
12
Evaluate (-100 - (32 + -164)) + -13 + 0.
19
Calculate -14 + -1 + (12 - (-15 + 16)).
-4
Evaluate 12 + 16 + (-4 - 21).
3
What is 7 - ((0 - 4) + 1) - (6 - -1)?
3
8 - (-8 + 0 + (4 - 3 - -5))
10
Calculate -1 - -2 - 15 - (-30 + 10 + 21).
-15
0 - -5 - (1 + -25 - -22)
7
What is 2 + -9 + (-4 - (-19 + 16))?
-8
What is 5 - ((4 - 8) + 5 - -2)?
2
(31 - (104 + -67)) + 2 + 19 + 0
15
What is the value of (-22 - (4 - 3)) + 6 + 1?
-16
(1 - -13 - 16) + 4
2
Calculate 85 - (-7 + 39) - 26.
27
Calculate 4 - (-10 + 12) - 9.
-7
Evaluate -20 + -2 + 1 - (147 + -149).
-19
What is the value of 4 + -13 - -3 - (-3 - 0 - 5)?
2
Evaluate (21 - 1) + (-6 - -6) + -19 + 14.
15
Evaluate (7 - (24 - 10)) + 16 + -9 - -11.
11
Calculate -3 + -3 + 15 - (4 + -6 + 4).
7
Calculate -53 + 53 + 11 + -1 + 5 + 3.
18
25 - (12 - 9 - -24)
-2
What is -12 + -20 + 16 - -10?
-6
(18 - 45) + 14 + (7 - -1)
-5
Evaluate (-23 - -38) + -3 + 2 + 2.
16
Calculate 5 - (-2 + 6 + 3).
-2
(2 - 24) + (-178 - -188)
-12
Calculate -21 + -2 - -4 - (7 + (-24 - -12)).
-14
Evaluate -6 + -17 + 47 - (0 - 3) - 3.
24
Calculate 12 + (-12 - (5 + 4)).
-9
Evaluate 19 + -15 + 1 - 4.
1
Calculate (-49 - -43) + (10 - -2).
6
8 - (15 + -6 - (9 - 8))
0
Evaluate (1 - 40) + 633 + -601.
-7
What is the value of -18 - (-21 + -5 - -12)?
-4
-14 + 10 - -20 - (4 + 3 + -2)
11
Calculate -24 + 10 + 1 + 12.
-1
Evaluate 4 - (-5 - (-1 - (3 + -5 - -6))).
4
(1 - -13) + -3 - (8 + -11)
14
What is (0 - 22) + -257 + 294?
15
Evaluate 3 + -5 + 6 + 0 + 30 + -36.
-2
What is the value of -17 - (43 - 64) - (8 - (0 - 2))?
-6
What is the value of (-7 - 11) + (5 - (-15 - 9))?
11
Calculate 11 + (27 + (-4 - 9) - 21).
4
What is the value of 3 + 11 + -2 - ((-22 - 0) + 18)?
16
What is the value of (-18 - (26 - 37)) + 24?
17
Evaluate 0 - (-7 + 2 - -3) - -5 - -1.
8
What is the value of (1 - 4) + (-47 - -66) + 12?
28
What is 1 + 9 - (175 + -151)?
-14
Calculate 3 + -11 + 2 - (-2 + (-50 - -41)).
5
Evaluate -22 + 16 + -26 + 20.
-12
Calculate -3 + -23 + (41 - (-32 + 60)).
-13
What is the value of 6 - -2 - (1 + (4 - 3))?
6
What is -24 + 8 + -10 + 19?
-7
(4 + -7 + 11 + -6 - -10) + 4
16
Calculate -3 + -2 - (-4 + -10 + 8) - 4.
-3
Evaluate (-2 - -12) + 29 + -20 + -10.
9
6 - (7 - -2 - -15)
-18
(-7 - (-1 - -3) - 0) + (-72 - -67)
-14
Calculate (-27 - -8) + 16 + -16 + 15.
-4
What is the value of -10 - (3 - ((1 + 1 - -5) + 18))?
12
What is 12 + -71 + 32 + -1 + -2 + 8?
-22
Evaluate 48 + (1 - 13) + -13.
23
What is -5 - (-8 + -1 + -7 + 6)?
5
(26 - 32) + ((-5 - -10) + 0 - 0)
-1
What is (144 - 149) + (18 - -1)?
14
What is the value of 31 + -4 + 37 + -63?
1
What is -6 + -7 + 5 + 7 - 7?
-8
What is (4 - 0) + -3 - -4?
5
What is the value of (1 - 0 - (-12 - -10)) + (155 - 147)?
11
What is 2 + -15 + 0 - (184 + -185)?
-12
-186 + 190 - (-17 + 6)
15
What is the value of -11 - (13 + -37) - (11 + 12)?
-10
What is (-7 - -1) + 5 + -1 + 3?
1
Calculate (-17 - 11 - -16) + 22.
10
What is the value of 3 + -11 + (-5 - (-2 + -14 + 21))?
-18
7 - (1 + -5 + (14 - -5))
-8
Calculate -1 - (-8 - 1) - (-294 - -293).
9
5 + (23 - (-3 - -9))
22
(-3 + 8 - -4) + (117 - 146)
-20
Calcula